git of 29251?
1
What is the tens digit of 435?
3
What is the hundreds digit of 45923?
9
What is the thousands digit of 4639?
4
What is the units digit of 55322?
2
What is the hundreds digit of 16504?
5
What is the hundred thousands digit of 189145?
1
What is the tens digit of 2155?
5
What is the units digit of 1?
1
What is the units digit of 23149?
9
What is the tens digit of 21748?
4
What is the thousands digit of 60656?
0
What is the units digit of 1546?
6
What is the units digit of 4196?
6
What is the thousands digit of 10548?
0
What is the hundreds digit of 1534?
5
What is the units digit of 872?
2
What is the thousands digit of 69950?
9
What is the tens digit of 342?
4
What is the thousands digit of 5925?
5
What is the units digit of 3480?
0
What is the hundreds digit of 878?
8
What is the units digit of 342?
2
What is the tens digit of 2706?
0
What is the hundreds digit of 1187?
1
What is the tens digit of 1889?
8
What is the tens digit of 5892?
9
What is the units digit of 123594?
4
What is the hundreds digit of 678?
6
What is the tens digit of 99069?
6
What is the units digit of 887?
7
What is the tens digit of 3413?
1
What is the units digit of 1033?
3
What is the hundreds digit of 16752?
7
What is the tens digit of 440?
4
What is the hundreds digit of 4265?
2
What is the units digit of 2260?
0
What is the hundreds digit of 44949?
9
What is the thousands digit of 152036?
2
What is the ten thousands digit of 10554?
1
What is the tens digit of 4260?
6
What is the tens digit of 1374?
7
What is the thousands digit of 3273?
3
What is the units digit of 93036?
6
What is the hundreds digit of 674?
6
What is the units digit of 8986?
6
What is the hundreds digit of 95588?
5
What is the thousands digit of 5619?
5
What is the ten thousands digit of 53731?
5
What is the tens digit of 264?
6
What is the tens digit of 7882?
8
What is the hundreds digit of 78319?
3
What is the tens digit of 935?
3
What is the tens digit of 26014?
1
What is the thousands digit of 1411?
1
What is the tens digit of 7551?
5
What is the hundreds digit of 157249?
2
What is the tens digit of 201?
0
What is the hundreds digit of 1996?
9
What is the thousands digit of 17229?
7
What is the hundreds digit of 30256?
2
What is the units digit of 82?
2
What is the hundreds digit of 181?
1
What is the units digit of 270?
0
What is the tens digit of 931?
3
What is the hundreds digit of 5232?
2
What is the tens digit of 1791?
9
What is the thousands digit of 8736?
8
What is the thousands digit of 19774?
9
What is the tens digit of 1231?
3
What is the ten thousands digit of 18403?
1
What is the thousands digit of 6212?
6
What is the units digit of 3818?
8
What is the thousands digit of 2778?
2
What is the tens digit of 24016?
1
What is the tens digit of 4079?
7
What is the units digit of 638?
8
What is the thousands digit of 1759?
1
What is the units digit of 354?
4
What is the thousands digit of 4225?
4
What is the hundreds digit of 1925?
9
What is the thousands digit of 1203?
1
What is the tens digit of 1535?
3
What is the thousands digit of 9916?
9
What is the tens digit of 451?
5
What is the tens digit of 14661?
6
What is the hundreds digit of 10108?
1
What is the units digit of 1617?
7
What is the units digit of 641?
1
What is the units digit of 12756?
6
What is the ten thousands digit of 23426?
2
What is the hundreds digit of 756?
7
What is the tens digit of 5706?
0
What is the units digit of 5850?
0
What is the hundreds digit of 27947?
9
What is the hundreds digit of 5704?
7
What is the tens digit of 6738?
3
What is the thousands digit of 1247?
1
What is the units digit of 129?
9
What is the hundreds digit of 4314?
3
What is the tens digit of 14464?
6
What is the hundreds digit of 55240?
2
What is the units digit of 778?
8
What is the units digit of 172?
2
What is the hundreds digit of 432?
4
What is the tens digit of 7813?
1
What is the hundreds digit of 227?
2
What is the thousands digit of 1312?
1
What is the units digit of 1105?
5
What is the hundreds digit of 1339?
3
What is the tens digit of 3688?
8
What is the units digit of 22602?
2
What is the thousands digit of 2813?
2
What is the thousands digit of 65303?
5
What is the units digit of 64901?
1
What is the tens digit of 52264?
6
What is the units digit of 11323?
3
What is the units digit of 1071?
1
What is the hundreds digit of 2493?
4
What is the thousands digit of 5487?
5
What is the thousands digit of 20453?
0
What is the units digit of 884?
4
What is the thousands digit of 5264?
5
What is the hundreds digit of 1876?
8
What is the units digit of 35640?
0
What is the hundreds digit of 1793?
7
What is the tens digit of 1138?
3
What is the tens digit of 4687?
8
What is the thousands digit of 5502?
5
What is the tens digit of 6745?
4
What is the thousands digit of 8814?
8
What is the ten thousands digit of 48871?
4
What is the thousands digit of 8551?
8
What is the units digit of 1147?
7
What is the units digit of 94?
4
What is the hundreds digit of 2410?
4
What is the tens digit of 17416?
1
What is the ten thousands digit of 34493?
3
What is the thousands digit of 7977?
7
What is the hundreds digit of 2309?
3
What is the hundreds digit of 1894?
8
What is the units digit of 496?
6
What is the tens digit of 80956?
5
What is the hundreds digit of 2194?
1
What is the units digit of 50246?
6
What is the tens digit of 112399?
9
What is the hundreds digit of 14131?
1
What is the tens digit of 1294?
9
What is the units digit of 60593?
3
What is the hundreds digit of 12106?
1
What is the hundreds digit of 652?
6
What is the hundreds digit of 48284?
2
What is the units digit of 440?
0
What is the units digit of 1354?
4
What is the hundreds digit of 870?
8
What is the thousands digit of 3393?
3
What is the units digit of 2852?
2
What is the tens digit of 6799?
9
What is the hundreds digit of 2261?
2
What is the ten thousands digit of 42788?
4
What is the thousands digit of 43777?
3
What is the units digit of 60?
0
What is the tens digit of 1449?
4
What is the units digit of 2051?
1
What is the units digit of 2980?
0
What is the thousands digit of 89921?
9
What is the thousands digit of 31623?
1
What is the thousands digit of 15891?
5
What is the thousands digit of 32622?
2
What is the tens digit of 19019?
1
What is the ten thousands digit of 11935?
1
What is the units digit of 15002?
2
What is the units digit of 2354?
4
What is the hundreds digit of 17785?
7
What is the ten thousands digit of 116876?
1
What is the hundreds digit of 2717?
7
What is the hundreds digit of 8827?
8
What is the tens digit of 16813?
1
What is the thousands digit of 2624?
2
What is the tens digit of 5129?
2
What is the units digit of 388?
8
What is the units digit of 37544?
4
What is the thousands digit of 3622?
3
What is the ten thousands digit of 47551?
4
What is the tens digit of 12438?
3
What is the tens digit of 42121?
2
What is the units digit of 2421?
1
What is the hundreds digit of 98933?
9
What is the tens digit of 140?
4
What is the units digit of 24362?
2
What is the thousands digit of 2678?
2
What is the hundreds digit of 1518?
5
What is the ten thousands digit of 85272?
8
What is the tens digit of 93109?
0
What is the hundreds digit of 9589?
5
What is the thousands digit of 5977?
5
What is the hundreds digit of 16663?
6
What is the units digit of 77?
7
What is the thousands digit of 8771?
8
What is the units digit of 830?
0
What is the hundreds digit of 5480?
4
What is the ten thousands digit of 49929?
4
What is the tens digit of 36743?
4
What is the tens digit of 814?
1
What is the tens digit of 1246?
4
What is the units digit of 7997?
7
What is the hundreds digit of 7114?
1
What is the hundreds digit of 25643?
6
What is the tens digit of 13212?
1
What is the hundreds digit of 1577?
5
What is the tens digit of 695?
9
What is the units digit of 1058?
8
What is the thousands digit of 18466?
8
What is the hundreds digit of 1030?
0
What is the hundreds digit of 675?
6
What is the units digit of 100158?
8
What is the units digit of 787?
7
What is the hundreds digit of 18734?
7
What is the tens digit of 27?
2
What is the ten thousands digit of 101049?
0
What is the units digit of 942?
2
What is the hundreds digit of 6917?
9
What is the hund